{"id":2096,"date":"2023-01-31T19:26:36","date_gmt":"2023-01-31T19:26:36","guid":{"rendered":"http:\/\/spczarna.wolomin.org\/?page_id=2096"},"modified":"2025-03-31T20:16:07","modified_gmt":"2025-03-31T20:16:07","slug":"laboratoria-przyszlosci","status":"publish","type":"page","link":"http:\/\/spczarna.wolomin.org\/?page_id=2096","title":{"rendered":"Laboratoria przysz\u0142o\u015bci"},"content":{"rendered":"\n<figure class=\"wp-block-image size-large\" data-block-type=\"core\"><img fetchpriority=\"high\" decoding=\"async\" width=\"793\" height=\"445\" src=\"http:\/\/spczarna.wolomin.org\/wp-content\/uploads\/2022\/12\/logo-Laboratoria_Przyszlosci_poziom_kolor.png\" alt=\"\" class=\"wp-image-1921\" srcset=\"http:\/\/spczarna.wolomin.org\/wp-content\/uploads\/2022\/12\/logo-Laboratoria_Przyszlosci_poziom_kolor.png 793w, http:\/\/spczarna.wolomin.org\/wp-content\/uploads\/2022\/12\/logo-Laboratoria_Przyszlosci_poziom_kolor-300x168.png 300w, http:\/\/spczarna.wolomin.org\/wp-content\/uploads\/2022\/12\/logo-Laboratoria_Przyszlosci_poziom_kolor-768x431.png 768w\" sizes=\"(max-width: 793px) 100vw, 793px\" \/><\/figure>\n\n\n\n<p><blockquote class=\"wp-embedded-content\" data-secret=\"46Ol2p0UAC\"><a href=\"http:\/\/spczarna.wolomin.org\/?p=5240\">WF &#8211; inaczej.<\/a><\/blockquote><iframe class=\"wp-embedded-content\" sandbox=\"allow-scripts\" security=\"restricted\" style=\"position: absolute; clip: rect(1px, 1px, 1px, 1px);\" title=\"&#8222;WF &#8211; inaczej.&#8221; &#8212; \" src=\"http:\/\/spczarna.wolomin.org\/?p=5240&#038;embed=true#?secret=0PDMaFH358#?secret=46Ol2p0UAC\" data-secret=\"46Ol2p0UAC\" width=\"600\" height=\"338\" frameborder=\"0\" marginwidth=\"0\" marginheight=\"0\" scrolling=\"no\"><\/iframe><\/p>\n\n\n\n<p><blockquote class=\"wp-embedded-content\" data-secret=\"BMnDor2OX3\"><a href=\"http:\/\/spczarna.wolomin.org\/?p=4755\">Dzie\u0144 Technologiczny<\/a><\/blockquote><iframe class=\"wp-embedded-content\" sandbox=\"allow-scripts\" security=\"restricted\" style=\"position: absolute; clip: rect(1px, 1px, 1px, 1px);\" title=\"&#8222;Dzie\u0144 Technologiczny&#8221; &#8212; \" src=\"http:\/\/spczarna.wolomin.org\/?p=4755&#038;embed=true#?secret=EzOlpIpgEG#?secret=BMnDor2OX3\" data-secret=\"BMnDor2OX3\" width=\"600\" height=\"338\" frameborder=\"0\" marginwidth=\"0\" marginheight=\"0\" scrolling=\"no\"><\/iframe><\/p>\n\n\n\n<p><blockquote class=\"wp-embedded-content\" data-secret=\"idUAZQOOpY\"><a href=\"http:\/\/spczarna.wolomin.org\/?p=3782\">8 klasa i &#8220;Laboratoria przysz\u0142o\u015bci&#8221;<\/a><\/blockquote><iframe class=\"wp-embedded-content\" sandbox=\"allow-scripts\" security=\"restricted\" style=\"position: absolute; clip: rect(1px, 1px, 1px, 1px);\" title=\"&#8222;8 klasa i &#8220;Laboratoria przysz\u0142o\u015bci&#8221;&#8221; &#8212; \" src=\"http:\/\/spczarna.wolomin.org\/?p=3782&#038;embed=true#?secret=mOhzBJ5MOM#?secret=idUAZQOOpY\" data-secret=\"idUAZQOOpY\" width=\"600\" height=\"338\" frameborder=\"0\" marginwidth=\"0\" marginheight=\"0\" scrolling=\"no\"><\/iframe><\/p>\n\n\n\n<p><blockquote class=\"wp-embedded-content\" data-secret=\"BOcdfz1Ux5\"><a href=\"http:\/\/spczarna.wolomin.org\/?p=2948\">Ciekawa lekcja techniki &#8211; Laboratoria Przysz\u0142o\u015bci<\/a><\/blockquote><iframe class=\"wp-embedded-content\" sandbox=\"allow-scripts\" security=\"restricted\" style=\"position: absolute; clip: rect(1px, 1px, 1px, 1px);\" title=\"&#8222;Ciekawa lekcja techniki &#8211; Laboratoria Przysz\u0142o\u015bci&#8221; &#8212; \" src=\"http:\/\/spczarna.wolomin.org\/?p=2948&#038;embed=true#?secret=8A5HMeyWXf#?secret=BOcdfz1Ux5\" data-secret=\"BOcdfz1Ux5\" width=\"600\" height=\"338\" frameborder=\"0\" marginwidth=\"0\" marginheight=\"0\" scrolling=\"no\"><\/iframe><\/p>\n\n\n\n<p><blockquote class=\"wp-embedded-content\" data-secret=\"YZ9raVMM4y\"><a href=\"http:\/\/spczarna.wolomin.org\/?p=2528\">Kreatywna lekcja matematyki.<\/a><\/blockquote><iframe class=\"wp-embedded-content\" sandbox=\"allow-scripts\" security=\"restricted\" style=\"position: absolute; clip: rect(1px, 1px, 1px, 1px);\" title=\"&#8222;Kreatywna lekcja matematyki.&#8221; &#8212; Szko\u0142a Podstawowa im. gen. Jana Henryka D\u0105browskiego w Czarnej\" src=\"http:\/\/spczarna.wolomin.org\/?p=2528&#038;embed=true#?secret=YZ9raVMM4y\" data-secret=\"YZ9raVMM4y\" width=\"600\" height=\"338\" frameborder=\"0\" marginwidth=\"0\" marginheight=\"0\" scrolling=\"no\"><\/iframe><\/p>\n\n\n\n<p><blockquote class=\"wp-embedded-content\" data-secret=\"E7OoMHMUom\"><a href=\"http:\/\/spczarna.wolomin.org\/?p=2411\">4 b i laboratoria przysz\u0142o\u015bci.<\/a><\/blockquote><iframe class=\"wp-embedded-content\" sandbox=\"allow-scripts\" security=\"restricted\" style=\"position: absolute; clip: rect(1px, 1px, 1px, 1px);\" title=\"&#8222;4 b i laboratoria przysz\u0142o\u015bci.&#8221; &#8212; Szko\u0142a Podstawowa im. gen. Jana Henryka D\u0105browskiego w Czarnej\" src=\"http:\/\/spczarna.wolomin.org\/?p=2411&#038;embed=true#?secret=E7OoMHMUom\" data-secret=\"E7OoMHMUom\" width=\"600\" height=\"338\" frameborder=\"0\" marginwidth=\"0\" marginheight=\"0\" scrolling=\"no\"><\/iframe><\/p>\n\n\n\n<p><blockquote class=\"wp-embedded-content\" data-secret=\"OjOCCgQwK1\"><a href=\"http:\/\/spczarna.wolomin.org\/?p=2239\">A\u017c wi\u00f3ry lec\u0105!!!<\/a><\/blockquote><iframe class=\"wp-embedded-content\" sandbox=\"allow-scripts\" security=\"restricted\" style=\"position: absolute; clip: rect(1px, 1px, 1px, 1px);\" title=\"&#8222;A\u017c wi\u00f3ry lec\u0105!!!&#8221; &#8212; Szko\u0142a Podstawowa im. gen. Jana Henryka D\u0105browskiego w Czarnej\" src=\"http:\/\/spczarna.wolomin.org\/?p=2239&#038;embed=true#?secret=OjOCCgQwK1\" data-secret=\"OjOCCgQwK1\" width=\"600\" height=\"338\" frameborder=\"0\" marginwidth=\"0\" marginheight=\"0\" scrolling=\"no\"><\/iframe><\/p>\n\n\n\n<p><blockquote class=\"wp-embedded-content\" data-secret=\"tcnaYWdRRi\"><a href=\"http:\/\/spczarna.wolomin.org\/?p=2198\">To ju\u017c V edycja!<\/a><\/blockquote><iframe class=\"wp-embedded-content\" sandbox=\"allow-scripts\" security=\"restricted\" style=\"position: absolute; clip: rect(1px, 1px, 1px, 1px);\" title=\"&#8222;To ju\u017c V edycja!&#8221; &#8212; Szko\u0142a Podstawowa im. gen. Jana Henryka D\u0105browskiego w Czarnej\" src=\"http:\/\/spczarna.wolomin.org\/?p=2198&#038;embed=true#?secret=tcnaYWdRRi\" data-secret=\"tcnaYWdRRi\" width=\"600\" height=\"338\" frameborder=\"0\" marginwidth=\"0\" marginheight=\"0\" scrolling=\"no\"><\/iframe><\/p>\n\n\n\n<p><blockquote class=\"wp-embedded-content\" data-secret=\"YZ4X0n1arV\"><a href=\"http:\/\/spczarna.wolomin.org\/?p=1985\">Wiem co jem czyli WF inaczej.<\/a><\/blockquote><iframe class=\"wp-embedded-content\" sandbox=\"allow-scripts\" security=\"restricted\" style=\"position: absolute; clip: rect(1px, 1px, 1px, 1px);\" title=\"&#8222;Wiem co jem czyli WF inaczej.&#8221; &#8212; Szko\u0142a Podstawowa im. gen. Jana Henryka D\u0105browskiego w Czarnej\" src=\"http:\/\/spczarna.wolomin.org\/?p=1985&#038;embed=true#?secret=YZ4X0n1arV\" data-secret=\"YZ4X0n1arV\" width=\"600\" height=\"338\" frameborder=\"0\" marginwidth=\"0\" marginheight=\"0\" scrolling=\"no\"><\/iframe><\/p>\n\n\n\n<p><blockquote class=\"wp-embedded-content\" data-secret=\"WXk5K2ivNe\"><a href=\"http:\/\/spczarna.wolomin.org\/?p=1908\">&#8220;Laboratoria Przysz\u0142o\u015bci&#8221;<\/a><\/blockquote><iframe class=\"wp-embedded-content\" sandbox=\"allow-scripts\" security=\"restricted\" style=\"position: absolute; clip: rect(1px, 1px, 1px, 1px);\" title=\"&#8222;&#8220;Laboratoria Przysz\u0142o\u015bci&#8221;&#8221; &#8212; Szko\u0142a Podstawowa im. gen. Jana Henryka D\u0105browskiego w Czarnej\" src=\"http:\/\/spczarna.wolomin.org\/?p=1908&#038;embed=true#?secret=WXk5K2ivNe\" data-secret=\"WXk5K2ivNe\" width=\"600\" height=\"338\" frameborder=\"0\" marginwidth=\"0\" marginheight=\"0\" scrolling=\"no\"><\/iframe><\/p>\n\n\n\n<p><blockquote class=\"wp-embedded-content\" data-secret=\"2DRqKeY8Fq\"><a href=\"http:\/\/spczarna.wolomin.org\/?p=1894\">Dyskoteka<\/a><\/blockquote><iframe class=\"wp-embedded-content\" sandbox=\"allow-scripts\" security=\"restricted\" style=\"position: absolute; clip: rect(1px, 1px, 1px, 1px);\" title=\"&#8222;Dyskoteka&#8221; &#8212; Szko\u0142a Podstawowa im. gen. Jana Henryka D\u0105browskiego w Czarnej\" src=\"http:\/\/spczarna.wolomin.org\/?p=1894&#038;embed=true#?secret=2DRqKeY8Fq\" data-secret=\"2DRqKeY8Fq\" width=\"600\" height=\"338\" frameborder=\"0\" marginwidth=\"0\" marginheight=\"0\" scrolling=\"no\"><\/iframe><\/p>\n\n\n\n<p><blockquote class=\"wp-embedded-content\" data-secret=\"ENM9Nk1wNT\"><a href=\"http:\/\/spczarna.wolomin.org\/?p=1890\">Zgadnij kto lubi t\u0119 piosenk\u0119?<\/a><\/blockquote><iframe class=\"wp-embedded-content\" sandbox=\"allow-scripts\" security=\"restricted\" style=\"position: absolute; clip: rect(1px, 1px, 1px, 1px);\" title=\"&#8222;Zgadnij kto lubi t\u0119 piosenk\u0119?&#8221; &#8212; Szko\u0142a Podstawowa im. gen. Jana Henryka D\u0105browskiego w Czarnej\" src=\"http:\/\/spczarna.wolomin.org\/?p=1890&#038;embed=true#?secret=ENM9Nk1wNT\" data-secret=\"ENM9Nk1wNT\" width=\"600\" height=\"338\" frameborder=\"0\" marginwidth=\"0\" marginheight=\"0\" scrolling=\"no\"><\/iframe><\/p>\n\n\n\n<p><blockquote class=\"wp-embedded-content\" data-secret=\"nZjxqWZBFM\"><a href=\"http:\/\/spczarna.wolomin.org\/?p=1691\">W NASZEJ SZKOLE!<\/a><\/blockquote><iframe class=\"wp-embedded-content\" sandbox=\"allow-scripts\" security=\"restricted\" style=\"position: absolute; clip: rect(1px, 1px, 1px, 1px);\" title=\"&#8222;W NASZEJ SZKOLE!&#8221; &#8212; Szko\u0142a Podstawowa im. gen. Jana Henryka D\u0105browskiego w Czarnej\" src=\"http:\/\/spczarna.wolomin.org\/?p=1691&#038;embed=true#?secret=nZjxqWZBFM\" data-secret=\"nZjxqWZBFM\" width=\"600\" height=\"338\" frameborder=\"0\" marginwidth=\"0\" marginheight=\"0\" scrolling=\"no\"><\/iframe><\/p>\n\n\n\n<p><blockquote class=\"wp-embedded-content\" data-secret=\"1DliYiRSf2\"><a href=\"http:\/\/spczarna.wolomin.org\/?p=1458\">\u201eBezpieczna szko\u0142a krokodylka Tirka\u201d.<\/a><\/blockquote><iframe class=\"wp-embedded-content\" sandbox=\"allow-scripts\" security=\"restricted\" style=\"position: absolute; clip: rect(1px, 1px, 1px, 1px);\" title=\"&#8222;\u201eBezpieczna szko\u0142a krokodylka Tirka\u201d.&#8221; &#8212; Szko\u0142a Podstawowa im. gen. Jana Henryka D\u0105browskiego w Czarnej\" src=\"http:\/\/spczarna.wolomin.org\/?p=1458&#038;embed=true#?secret=1DliYiRSf2\" data-secret=\"1DliYiRSf2\" width=\"600\" height=\"338\" frameborder=\"0\" marginwidth=\"0\" marginheight=\"0\" scrolling=\"no\"><\/iframe><\/p>\n\n\n\n<p><a target=\"_blank\" href=\"http:\/\/spczarna.wolomin.org\/?p=2271\" rel=\"noreferrer noopener\">http:\/\/spczarna.wolomin.org\/?p=2271<\/a><\/p>\n","protected":false},"excerpt":{"rendered":"<p>WF &#8211; inaczej. Dzie\u0144 Technologiczny 8 klasa i &#8220;Laboratoria przysz\u0142o\u015bci&#8221; Ciekawa lekcja techniki &#8211; Laboratoria Przysz\u0142o\u015bci Kreatywna lekcja matematyki. 4<\/p>\n","protected":false},"author":6,"featured_media":0,"parent":0,"menu_order":0,"comment_status":"closed","ping_status":"closed","template":"","meta":{"footnotes":""},"featured_image_urls":{"full":"","thumbnail":"","medium":"","medium_large":"","large":"","1536x1536":"","2048x2048":"","colormag-highlighted-post":"","colormag-featured-post-medium":"","colormag-featured-post-small":"","colormag-featured-image":"","colormag-default-news":"","colormag-featured-image-large":"","colormag-elementor-block-extra-large-thumbnail":"","colormag-elementor-grid-large-thumbnail":"","colormag-elementor-grid-small-thumbnail":"","colormag-elementor-grid-medium-large-thumbnail":""},"post_excerpt_stackable":"<p>WF &#8211; inaczej. Dzie\u0144 Technologiczny 8 klasa i &#8220;Laboratoria przysz\u0142o\u015bci&#8221; Ciekawa lekcja techniki &#8211; Laboratoria Przysz\u0142o\u015bci Kreatywna lekcja matematyki. 4 b i laboratoria przysz\u0142o\u015bci. A\u017c wi\u00f3ry lec\u0105!!! To ju\u017c V edycja! Wiem co jem czyli WF inaczej. &#8220;Laboratoria Przysz\u0142o\u015bci&#8221; Dyskoteka Zgadnij kto lubi t\u0119 piosenk\u0119? W NASZEJ SZKOLE! \u201eBezpieczna szko\u0142a krokodylka Tirka\u201d. http:\/\/spczarna.wolomin.org\/?p=2271<\/p>\n","category_list":"","author_info":{"name":"Rafa\u0142 Jurewicz","url":"http:\/\/spczarna.wolomin.org\/?author=6"},"comments_num":"0 comments","_links":{"self":[{"href":"http:\/\/spczarna.wolomin.org\/index.php?rest_route=\/wp\/v2\/pages\/2096"}],"collection":[{"href":"http:\/\/spczarna.wolomin.org\/index.php?rest_route=\/wp\/v2\/pages"}],"about":[{"href":"http:\/\/spczarna.wolomin.org\/index.php?rest_route=\/wp\/v2\/types\/page"}],"author":[{"embeddable":true,"href":"http:\/\/spczarna.wolomin.org\/index.php?rest_route=\/wp\/v2\/users\/6"}],"replies":[{"embeddable":true,"href":"http:\/\/spczarna.wolomin.org\/index.php?rest_route=%2Fwp%2Fv2%2Fcomments&post=2096"}],"version-history":[{"count":14,"href":"http:\/\/spczarna.wolomin.org\/index.php?rest_route=\/wp\/v2\/pages\/2096\/revisions"}],"predecessor-version":[{"id":5261,"href":"http:\/\/spczarna.wolomin.org\/index.php?rest_route=\/wp\/v2\/pages\/2096\/revisions\/5261"}],"wp:attachment":[{"href":"http:\/\/spczarna.wolomin.org\/index.php?rest_route=%2Fwp%2Fv2%2Fmedia&parent=2096"}],"curies":[{"name":"wp","href":"https:\/\/api.w.org\/{rel}","templated":true}]}}