{"id":351,"date":"2021-02-25T11:27:22","date_gmt":"2021-02-25T11:27:22","guid":{"rendered":"http:\/\/spczarna.wolomin.org\/?page_id=351"},"modified":"2021-02-25T12:25:26","modified_gmt":"2021-02-25T12:25:26","slug":"patron","status":"publish","type":"page","link":"http:\/\/spczarna.wolomin.org\/?page_id=351","title":{"rendered":"Nasz Patron"},"content":{"rendered":"\n<p style=\"font-size:25px\"><em>\u201eWierny ojczy\u017anie a\u017c do ostatniej chwili, walczy\u0142em za jej wolno\u015b\u0107\u2026.\u201d.<\/em><\/p>\n\n\n\n<figure class=\"wp-block-image size-large\" data-block-type=\"core\"><img fetchpriority=\"high\" decoding=\"async\" width=\"200\" height=\"252\" src=\"http:\/\/spczarna.wolomin.org\/wp-content\/uploads\/2021\/02\/patron.jpg\" alt=\"\" class=\"wp-image-362\"\/><\/figure>\n\n\n\n<p><strong>Patron Szko\u0142y Podstawowej w Czarnej-gen. Jan Henryk D\u0105browski<\/strong><\/p>\n\n\n\n<p>Urodzi\u0142 si\u0119 2 sierpnia 1755 r. w Pierzchowcu ko\u0142o Bochni jako syn pu\u0142kownika Jana Micha\u0142a D\u0105browskiego i Zofii Marii von Lettow z pochodzenia Niemki. S\u0142u\u017cb\u0119 wojskow\u0105 D\u0105browski rozpocz\u0105\u0142 w 1770 r. w stopniu podchor\u0105\u017cego w wojsku saskim. W roku 1779 r. wzi\u0105\u0142 udzia\u0142 w kampanii o sukcesj\u0119 bawarsk\u0105. Od 1780 r. w stopniu porucznika s\u0142u\u017cy\u0142 w gwardii elektorskiej w Dre\u017anie. W roku 1792 D\u0105browski w stopniu wicebrygadiera przeszed\u0142 do wojska polskiego i z\u0142o\u017cy\u0142 przysi\u0119g\u0119 na wierno\u015b\u0107 konfederacji targowickiej. Uczestniczy\u0142 w powstaniu ko\u015bciuszkowskim, za udzia\u0142 w obronie stolicy zosta\u0142 awansowany do stopnia genera\u0142a. 18 listopada 1794 r. dosta\u0142 si\u0119 do niewoli rosyjskiej pod Radoszycami. Po upadku insurekcji liczy\u0142 na konflikt Prus z pozosta\u0142ymi zaborcami, swe nadzieje wi\u0105za\u0142 r\u00f3wnie\u017c z Francj\u0105, dok\u0105d przyby\u0142 w 1796 r. W porozumieniu z Napoleonem Bonaparte utworzy\u0142 Legiony Polskie we W\u0142oszech, opieraj\u0105c si\u0119 na uk\u0142adzie podpisanym w 1797 r. w Mediolanie z Republik\u0105 Lombardzk\u0105. Fundusze na stworzenie Legion\u00f3w D\u0105browski uzyska\u0142 ze sprzeda\u017cy ziemi Pierzchowa, nale\u017c\u0105cej wcze\u015bniej do jego ojca. Na czele I Legii walczy\u0142 m.in. pod Reggio i nad Trebbi\u0105 oraz bra\u0142 udzia\u0142 w zdobyciu Rzymu. Podczas walk w Apeninach zosta\u0142 ranny. Po bitwie pod Marengo na polecenie Bonapartego utworzy\u0142 dwa nowe legiony. Po pokoju w Amiens przeszed\u0142 na s\u0142u\u017cb\u0119 Republiki Cisalpi\u0144skiej w stopniu genera\u0142a dywizji. Od 1802 r. pozostawa\u0142 w s\u0142u\u017cbie w\u0142oskiej. Tam te\u017c wst\u0105pi\u0142 do masonerii i zosta\u0142 adeptem 29 stopnia rytu szkockiego. 3 listopada 1806 r. po zwyci\u0119skiej bitwie pod Jen\u0105 i wkroczeniu wojsk francuskich na tereny Polski, D\u0105browski wyda\u0142 wraz z J\u00f3zefem Wybickim w Poznaniu odezw\u0119 wzywaj\u0105c\u0105 do zorganizowania powstania wielkopolskiego. W 1807 r. jako dow\u00f3dca cz\u0119\u015bci wojska polskiego, tzw. III Legii, uczestniczy\u0142 w wyzwalaniu ziem polskich po\u0142o\u017conych na lewym brzegu Wis\u0142y, zdoby\u0142 Tczew, uczestniczy\u0142 w obl\u0119\u017ceniu Gda\u0144ska i w bitwie pod Frydlandem. W 1808 r. zosta\u0142 odznaczony Krzy\u017cem Komandorskim Orderu Virtuti Militari. Bra\u0142 udzia\u0142 w kampanii 1809 r., podczas kt\u00f3rej by\u0142 autorem planu wyprawy do Galicji. Walczy\u0142 zwyci\u0119sko z Austriakami pod Radzyminem i \u0141\u0119czyc\u0105. W 1812 r. dowodzi\u0142 jedn\u0105 z trzech dywizji polskich pi\u0105tego korpusu i odznaczy\u0142 si\u0119 w bitwach pod Mohylewem i Borysowem. 26 listopada w bitwie nad Berezyn\u0105 zosta\u0142 ci\u0119\u017cko ranny w czasie obrony jednego z most\u00f3w. W 1813 r. walczy\u0142 pod Teltawem, Grossbeeren, Juterbogk i w bitwie pod Lipskiem. Po \u015bmierci ksi\u0119cia J\u00f3zefa Poniatowskiego zosta\u0142 naczelnym wodzem armii Ksi\u0119stwa Warszawskiego. Po upadku Napoleona D\u0105browski powr\u00f3ci\u0142 do Warszawy i stan\u0105\u0142 na czele Komitetu Organizacyjnego Wojskowego, kt\u00f3rego celem by\u0142o zorganizowanie wojska utworzonego Kr\u00f3lestwa Polskiego, w kt\u00f3rym zosta\u0142 tak\u017ce genera\u0142em jazdy i piastowa\u0142 funkcj\u0119 senatora-wojewody. Z powod\u00f3w zdrowotnych zrezygnowa\u0142 jednak z funkcji publicznych i osiad\u0142 w swoim maj\u0105tku w Winnej G\u00f3rze w Wielkim Ksi\u0119stwie Pozna\u0144skim, gdzie zmar\u0142 6 czerwca 1818 r. Pozostawi\u0142 po sobie r\u0119kopisy &#8211; &#8220;Jenera\u0142a Henryka D\u0105browskiego pami\u0119tnik&#8230;&#8221; i &#8220;Wypraw\u0119 do Wielkopolski w 1794&#8221;. Dla za\u0142o\u017conych przez D\u0105browskiego Legion\u00f3w \u017co\u0142nierz i poeta J\u00f3zef Wybicki w 1797 roku napisa\u0142 &#8220;Pie\u015b\u0144 Legion\u00f3w Polskich we W\u0142oszech&#8221;, kt\u00f3ra od pocz\u0105tku zosta\u0142a przyj\u0119ta z entuzjazmem przez \u017co\u0142nierzy i nazwana &#8220;Mazurkiem D\u0105browskiego&#8221;. Po odzyskaniu przez Polsk\u0119 niepodleg\u0142o\u015bci po I wojnie sta\u0142a si\u0119 ona hymnem pa\u0144stwowym.<\/p>\n\n\n\n<p>Genera\u0142 Jan Henryk D\u0105browski to symbol odwagi , po\u015bwi\u0119cenia, patriotyzmu, prawego charakteru, st\u0105d patronuje wielu plac\u00f3wkom, instytucjom, dla naszej szko\u0142y sta\u0142 si\u0119 patronem 6 czerwca 2019 roku, podczas tej uroczysto\u015bci szko\u0142a otrzyma\u0142a sztandar oraz tablic\u0119 pami\u0105tkow\u0105.<\/p>\n","protected":false},"excerpt":{"rendered":"<p>\u201eWierny ojczy\u017anie a\u017c do ostatniej chwili, walczy\u0142em za jej wolno\u015b\u0107\u2026.\u201d. Patron Szko\u0142y Podstawowej w Czarnej-gen. Jan Henryk D\u0105browski Urodzi\u0142 si\u0119<\/p>\n","protected":false},"author":1,"featured_media":0,"parent":0,"menu_order":0,"comment_status":"closed","ping_status":"closed","template":"","meta":{"footnotes":""},"featured_image_urls":{"full":"","thumbnail":"","medium":"","medium_large":"","large":"","1536x1536":"","2048x2048":"","colormag-highlighted-post":"","colormag-featured-post-medium":"","colormag-featured-post-small":"","colormag-featured-image":"","colormag-default-news":"","colormag-featured-image-large":"","colormag-elementor-block-extra-large-thumbnail":"","colormag-elementor-grid-large-thumbnail":"","colormag-elementor-grid-small-thumbnail":"","colormag-elementor-grid-medium-large-thumbnail":""},"post_excerpt_stackable":"<p>\u201eWierny ojczy\u017anie a\u017c do ostatniej chwili, walczy\u0142em za jej wolno\u015b\u0107\u2026.\u201d. Patron Szko\u0142y Podstawowej w Czarnej-gen. Jan Henryk D\u0105browski Urodzi\u0142 si\u0119 2 sierpnia 1755 r. w Pierzchowcu ko\u0142o Bochni jako syn pu\u0142kownika Jana Micha\u0142a D\u0105browskiego i Zofii Marii von Lettow z pochodzenia Niemki. S\u0142u\u017cb\u0119 wojskow\u0105 D\u0105browski rozpocz\u0105\u0142 w 1770 r. w stopniu podchor\u0105\u017cego w wojsku saskim. W roku 1779 r. wzi\u0105\u0142 udzia\u0142 w kampanii o sukcesj\u0119 bawarsk\u0105. Od 1780 r. w stopniu porucznika s\u0142u\u017cy\u0142 w gwardii elektorskiej w Dre\u017anie. W roku 1792 D\u0105browski w stopniu wicebrygadiera przeszed\u0142 do wojska polskiego i z\u0142o\u017cy\u0142 przysi\u0119g\u0119 na wierno\u015b\u0107 konfederacji targowickiej. Uczestniczy\u0142 w powstaniu ko\u015bciuszkowskim,&hellip;<\/p>\n","category_list":"","author_info":{"name":"admin","url":"http:\/\/spczarna.wolomin.org\/?author=1"},"comments_num":"0 comments","_links":{"self":[{"href":"http:\/\/spczarna.wolomin.org\/index.php?rest_route=\/wp\/v2\/pages\/351"}],"collection":[{"href":"http:\/\/spczarna.wolomin.org\/index.php?rest_route=\/wp\/v2\/pages"}],"about":[{"href":"http:\/\/spczarna.wolomin.org\/index.php?rest_route=\/wp\/v2\/types\/page"}],"author":[{"embeddable":true,"href":"http:\/\/spczarna.wolomin.org\/index.php?rest_route=\/wp\/v2\/users\/1"}],"replies":[{"embeddable":true,"href":"http:\/\/spczarna.wolomin.org\/index.php?rest_route=%2Fwp%2Fv2%2Fcomments&post=351"}],"version-history":[{"count":7,"href":"http:\/\/spczarna.wolomin.org\/index.php?rest_route=\/wp\/v2\/pages\/351\/revisions"}],"predecessor-version":[{"id":369,"href":"http:\/\/spczarna.wolomin.org\/index.php?rest_route=\/wp\/v2\/pages\/351\/revisions\/369"}],"wp:attachment":[{"href":"http:\/\/spczarna.wolomin.org\/index.php?rest_route=%2Fwp%2Fv2%2Fmedia&parent=351"}],"curies":[{"name":"wp","href":"https:\/\/api.w.org\/{rel}","templated":true}]}}

<p style="font-size:25px"><em>„Wierny ojczyźnie aż do ostatniej chwili, walczyłem za jej wolność….”.</em></p>



<figure class="wp-block-image size-large" data-block-type="core"><img fetchpriority="high" decoding="async" width="200" height="252" src="http://spczarna.wolomin.org/wp-content/uploads/2021/02/patron.jpg" alt="" class="wp-image-362"/></figure>



<p><strong>Patron Szkoły Podstawowej w Czarnej-gen. Jan Henryk Dąbrowski</strong></p>



<p>Urodził się 2 sierpnia 1755 r. w Pierzchowcu koło Bochni jako syn pułkownika Jana Michała Dąbrowskiego i Zofii Marii von Lettow z pochodzenia Niemki. Służbę wojskową Dąbrowski rozpoczął w 1770 r. w stopniu podchorążego w wojsku saskim. W roku 1779 r. wziął udział w kampanii o sukcesję bawarską. Od 1780 r. w stopniu porucznika służył w gwardii elektorskiej w Dreźnie. W roku 1792 Dąbrowski w stopniu wicebrygadiera przeszedł do wojska polskiego i złożył przysięgę na wierność konfederacji targowickiej. Uczestniczył w powstaniu kościuszkowskim, za udział w obronie stolicy został awansowany do stopnia generała. 18 listopada 1794 r. dostał się do niewoli rosyjskiej pod Radoszycami. Po upadku insurekcji liczył na konflikt Prus z pozostałymi zaborcami, swe nadzieje wiązał również z Francją, dokąd przybył w 1796 r. W porozumieniu z Napoleonem Bonaparte utworzył Legiony Polskie we Włoszech, opierając się na układzie podpisanym w 1797 r. w Mediolanie z Republiką Lombardzką. Fundusze na stworzenie Legionów Dąbrowski uzyskał ze sprzedaży ziemi Pierzchowa, należącej wcześniej do jego ojca. Na czele I Legii walczył m.in. pod Reggio i nad Trebbią oraz brał udział w zdobyciu Rzymu. Podczas walk w Apeninach został ranny. Po bitwie pod Marengo na polecenie Bonapartego utworzył dwa nowe legiony. Po pokoju w Amiens przeszedł na służbę Republiki Cisalpińskiej w stopniu generała dywizji. Od 1802 r. pozostawał w służbie włoskiej. Tam też wstąpił do masonerii i został adeptem 29 stopnia rytu szkockiego. 3 listopada 1806 r. po zwycięskiej bitwie pod Jeną i wkroczeniu wojsk francuskich na tereny Polski, Dąbrowski wydał wraz z Józefem Wybickim w Poznaniu odezwę wzywającą do zorganizowania powstania wielkopolskiego. W 1807 r. jako dowódca części wojska polskiego, tzw. III Legii, uczestniczył w wyzwalaniu ziem polskich położonych na lewym brzegu Wisły, zdobył Tczew, uczestniczył w oblężeniu Gdańska i w bitwie pod Frydlandem. W 1808 r. został odznaczony Krzyżem Komandorskim Orderu Virtuti Militari. Brał udział w kampanii 1809 r., podczas której był autorem planu wyprawy do Galicji. Walczył zwycięsko z Austriakami pod Radzyminem i Łęczycą. W 1812 r. dowodził jedną z trzech dywizji polskich piątego korpusu i odznaczył się w bitwach pod Mohylewem i Borysowem. 26 listopada w bitwie nad Berezyną został ciężko ranny w czasie obrony jednego z mostów. W 1813 r. walczył pod Teltawem, Grossbeeren, Juterbogk i w bitwie pod Lipskiem. Po śmierci księcia Józefa Poniatowskiego został naczelnym wodzem armii Księstwa Warszawskiego. Po upadku Napoleona Dąbrowski powrócił do Warszawy i stanął na czele Komitetu Organizacyjnego Wojskowego, którego celem było zorganizowanie wojska utworzonego Królestwa Polskiego, w którym został także generałem jazdy i piastował funkcję senatora-wojewody. Z powodów zdrowotnych zrezygnował jednak z funkcji publicznych i osiadł w swoim majątku w Winnej Górze w Wielkim Księstwie Poznańskim, gdzie zmarł 6 czerwca 1818 r. Pozostawił po sobie rękopisy &#8211; &#8220;Jenerała Henryka Dąbrowskiego pamiętnik&#8230;&#8221; i &#8220;Wyprawę do Wielkopolski w 1794&#8221;. Dla założonych przez Dąbrowskiego Legionów żołnierz i poeta Józef Wybicki w 1797 roku napisał &#8220;Pieśń Legionów Polskich we Włoszech&#8221;, która od początku została przyjęta z entuzjazmem przez żołnierzy i nazwana &#8220;Mazurkiem Dąbrowskiego&#8221;. Po odzyskaniu przez Polskę niepodległości po I wojnie stała się ona hymnem państwowym.</p>



<p>Generał Jan Henryk Dąbrowski to symbol odwagi , poświęcenia, patriotyzmu, prawego charakteru, stąd patronuje wielu placówkom, instytucjom, dla naszej szkoły stał się patronem 6 czerwca 2019 roku, podczas tej uroczystości szkoła otrzymała sztandar oraz tablicę pamiątkową.</p>

<p>„Wierny ojczyźnie aż do ostatniej chwili, walczyłem za jej wolność….”. Patron Szkoły Podstawowej w Czarnej-gen. Jan Henryk Dąbrowski Urodził się</p>

<p>„Wierny ojczyźnie aż do ostatniej chwili, walczyłem za jej wolność….”. Patron Szkoły Podstawowej w Czarnej-gen. Jan Henryk Dąbrowski Urodził się 2 sierpnia 1755 r. w Pierzchowcu koło Bochni jako syn pułkownika Jana Michała Dąbrowskiego i Zofii Marii von Lettow z pochodzenia Niemki. Służbę wojskową Dąbrowski rozpoczął w 1770 r. w stopniu podchorążego w wojsku saskim. W roku 1779 r. wziął udział w kampanii o sukcesję bawarską. Od 1780 r. w stopniu porucznika służył w gwardii elektorskiej w Dreźnie. W roku 1792 Dąbrowski w stopniu wicebrygadiera przeszedł do wojska polskiego i złożył przysięgę na wierność konfederacji targowickiej. Uczestniczył w powstaniu kościuszkowskim,&hellip;</p>
