{"id":356,"date":"2021-02-25T11:29:47","date_gmt":"2021-02-25T11:29:47","guid":{"rendered":"http:\/\/spczarna.wolomin.org\/?page_id=356"},"modified":"2026-01-20T10:19:03","modified_gmt":"2026-01-20T10:19:03","slug":"swietlica","status":"publish","type":"page","link":"http:\/\/spczarna.wolomin.org\/?page_id=356","title":{"rendered":"\u015awietlica"},"content":{"rendered":"\n<p class=\"has-vivid-cyan-blue-color has-text-color\"><strong> <span style=\"color: #8ed1fc;\" class=\"stk-highlight\"> Anna Krzy\u017canowska, Magdalena Waszczuk, Aneta Fijo\u0142ek, Anna Grochola<\/span><\/strong><\/p>\n\n\n\n<p><strong>\u015awietlica czynna od Poniedzia\u0142ku do pi\u0105tku<\/strong><\/p>\n\n\n\n<p><strong>Godziny pracy<\/strong>:<\/p>\n\n\n\n<p>-6:45 &#8211; 7:45<\/p>\n\n\n\n<p>-11:30 &#8211; 17:00<\/p>\n\n\n\n<p><\/p>\n\n\n\n<p><\/p>\n\n\n\n<p><strong>Wniosek na \u015bwietlic\u0119<\/strong><\/p>\n\n\n\n<div data-wp-interactive=\"\" class=\"wp-block-file\" data-block-type=\"core\"><object data-wp-bind--hidden=\"!selectors.core.file.hasPdfPreview\" hidden class=\"wp-block-file__embed\" data=\"http:\/\/spczarna.wolomin.org\/wp-content\/uploads\/2025\/06\/wniosek-na-swietlice-2025.pdf\" type=\"application\/pdf\" style=\"width:100%;height:600px\" aria-label=\"Osadzone z wniosek-na-swietlice-2025.\"><\/object><a id=\"wp-block-file--media-0e152089-5087-40b1-a167-adf8fb283107\" href=\"http:\/\/spczarna.wolomin.org\/wp-content\/uploads\/2025\/06\/wniosek-na-swietlice-2025.pdf\">wniosek-na-swietlice-2025<\/a><a href=\"http:\/\/spczarna.wolomin.org\/wp-content\/uploads\/2025\/06\/wniosek-na-swietlice-2025.pdf\" class=\"wp-block-file__button wp-element-button\" download aria-describedby=\"wp-block-file--media-0e152089-5087-40b1-a167-adf8fb283107\">Pobierz<\/a><\/div>\n\n\n\n<p><strong>Za\u015bwiadczenie o zatrudnieniu<\/strong><\/p>\n\n\n\n<div data-wp-interactive=\"\" class=\"wp-block-file\" data-block-type=\"core\"><object data-wp-bind--hidden=\"!selectors.core.file.hasPdfPreview\" hidden class=\"wp-block-file__embed\" data=\"http:\/\/spczarna.wolomin.org\/wp-content\/uploads\/2025\/06\/Zaswiadczenie_o_zatrudnieniu-.pdf\" type=\"application\/pdf\" style=\"width:100%;height:600px\" aria-label=\"Osadzone z Zaswiadczenie_o_zatrudnieniu-.\"><\/object><a id=\"wp-block-file--media-6d27c675-2067-4532-a9b2-06a7cea39310\" href=\"http:\/\/spczarna.wolomin.org\/wp-content\/uploads\/2025\/06\/Zaswiadczenie_o_zatrudnieniu-.pdf\">Zaswiadczenie_o_zatrudnieniu-<\/a><a href=\"http:\/\/spczarna.wolomin.org\/wp-content\/uploads\/2025\/06\/Zaswiadczenie_o_zatrudnieniu-.pdf\" class=\"wp-block-file__button wp-element-button\" download aria-describedby=\"wp-block-file--media-6d27c675-2067-4532-a9b2-06a7cea39310\">Pobierz<\/a><\/div>\n\n\n\n<p><strong>Regulamin \u015bwietlicy <\/strong><\/p>\n\n\n\n<div class=\"wp-block-file\" data-block-type=\"core\"><a id=\"wp-block-file--media-21ce9541-5bb9-4902-aacc-e23a5e234cb2\" href=\"http:\/\/spczarna.wolomin.org\/wp-content\/uploads\/2021\/03\/Regulamin-swietlicy-20202021.docx\">Regulamin-swietlicy-20202021<\/a><a href=\"http:\/\/spczarna.wolomin.org\/wp-content\/uploads\/2021\/03\/Regulamin-swietlicy-20202021.docx\" class=\"wp-block-file__button wp-element-button\" download aria-describedby=\"wp-block-file--media-21ce9541-5bb9-4902-aacc-e23a5e234cb2\">Pobierz<\/a><\/div>\n\n\n\n<figure class=\"wp-block-gallery has-nested-images columns-default is-cropped wp-block-gallery-1 is-layout-flex wp-block-gallery-is-layout-flex\" data-block-type=\"core\">\n<figure class=\"wp-block-image size-large\" data-block-type=\"core\"><img fetchpriority=\"high\" decoding=\"async\" width=\"593\" height=\"445\" data-id=\"434\" src=\"http:\/\/spczarna.wolomin.org\/wp-content\/uploads\/2021\/04\/image_50454785-593x445.jpg\" alt=\"\" class=\"wp-image-434\" srcset=\"http:\/\/spczarna.wolomin.org\/wp-content\/uploads\/2021\/04\/image_50454785-593x445.jpg 593w, http:\/\/spczarna.wolomin.org\/wp-content\/uploads\/2021\/04\/image_50454785-300x225.jpg 300w, http:\/\/spczarna.wolomin.org\/wp-content\/uploads\/2021\/04\/image_50454785-768x576.jpg 768w, http:\/\/spczarna.wolomin.org\/wp-content\/uploads\/2021\/04\/image_50454785-1536x1152.jpg 1536w, http:\/\/spczarna.wolomin.org\/wp-content\/uploads\/2021\/04\/image_50454785.jpg 1920w\" sizes=\"(max-width: 593px) 100vw, 593px\" \/><\/figure>\n\n\n\n<figure class=\"wp-block-image size-large\" data-block-type=\"core\"><img decoding=\"async\" width=\"593\" height=\"445\" data-id=\"435\" src=\"http:\/\/spczarna.wolomin.org\/wp-content\/uploads\/2021\/04\/image_50397441-593x445.jpg\" alt=\"\" class=\"wp-image-435\" srcset=\"http:\/\/spczarna.wolomin.org\/wp-content\/uploads\/2021\/04\/image_50397441-593x445.jpg 593w, http:\/\/spczarna.wolomin.org\/wp-content\/uploads\/2021\/04\/image_50397441-300x225.jpg 300w, http:\/\/spczarna.wolomin.org\/wp-content\/uploads\/2021\/04\/image_50397441-768x576.jpg 768w, http:\/\/spczarna.wolomin.org\/wp-content\/uploads\/2021\/04\/image_50397441-1536x1152.jpg 1536w, http:\/\/spczarna.wolomin.org\/wp-content\/uploads\/2021\/04\/image_50397441.jpg 1920w\" sizes=\"(max-width: 593px) 100vw, 593px\" \/><\/figure>\n\n\n\n<figure class=\"wp-block-image size-large\" data-block-type=\"core\"><img decoding=\"async\" width=\"593\" height=\"445\" data-id=\"433\" src=\"http:\/\/spczarna.wolomin.org\/wp-content\/uploads\/2021\/04\/image_50418689-593x445.jpg\" alt=\"\" class=\"wp-image-433\" srcset=\"http:\/\/spczarna.wolomin.org\/wp-content\/uploads\/2021\/04\/image_50418689-593x445.jpg 593w, http:\/\/spczarna.wolomin.org\/wp-content\/uploads\/2021\/04\/image_50418689-300x225.jpg 300w, http:\/\/spczarna.wolomin.org\/wp-content\/uploads\/2021\/04\/image_50418689-768x576.jpg 768w, http:\/\/spczarna.wolomin.org\/wp-content\/uploads\/2021\/04\/image_50418689-1536x1152.jpg 1536w, http:\/\/spczarna.wolomin.org\/wp-content\/uploads\/2021\/04\/image_50418689.jpg 1920w\" sizes=\"(max-width: 593px) 100vw, 593px\" \/><\/figure>\n<\/figure>\n\n\n\n<p><\/p>\n","protected":false},"excerpt":{"rendered":"<p>Anna Krzy\u017canowska, Magdalena Waszczuk, Aneta Fijo\u0142ek, Anna Grochola \u015awietlica czynna od Poniedzia\u0142ku do pi\u0105tku Godziny pracy: -6:45 &#8211; 7:45 -11:30<\/p>\n","protected":false},"author":1,"featured_media":0,"parent":0,"menu_order":0,"comment_status":"closed","ping_status":"closed","template":"","meta":{"footnotes":""},"featured_image_urls":{"full":"","thumbnail":"","medium":"","medium_large":"","large":"","1536x1536":"","2048x2048":"","colormag-highlighted-post":"","colormag-featured-post-medium":"","colormag-featured-post-small":"","colormag-featured-image":"","colormag-default-news":"","colormag-featured-image-large":"","colormag-elementor-block-extra-large-thumbnail":"","colormag-elementor-grid-large-thumbnail":"","colormag-elementor-grid-small-thumbnail":"","colormag-elementor-grid-medium-large-thumbnail":""},"post_excerpt_stackable":"<p>Anna Krzy\u017canowska, Magdalena Waszczuk, Aneta Fijo\u0142ek, Anna Grochola \u015awietlica czynna od Poniedzia\u0142ku do pi\u0105tku Godziny pracy: -6:45 &#8211; 7:45 -11:30 &#8211; 17:00 Wniosek na \u015bwietlic\u0119 wniosek-na-swietlice-2025Pobierz Za\u015bwiadczenie o zatrudnieniu Zaswiadczenie_o_zatrudnieniu-Pobierz Regulamin \u015bwietlicy Regulamin-swietlicy-20202021Pobierz<\/p>\n","category_list":"","author_info":{"name":"admin","url":"http:\/\/spczarna.wolomin.org\/?author=1"},"comments_num":"0 comments","_links":{"self":[{"href":"http:\/\/spczarna.wolomin.org\/index.php?rest_route=\/wp\/v2\/pages\/356"}],"collection":[{"href":"http:\/\/spczarna.wolomin.org\/index.php?rest_route=\/wp\/v2\/pages"}],"about":[{"href":"http:\/\/spczarna.wolomin.org\/index.php?rest_route=\/wp\/v2\/types\/page"}],"author":[{"embeddable":true,"href":"http:\/\/spczarna.wolomin.org\/index.php?rest_route=\/wp\/v2\/users\/1"}],"replies":[{"embeddable":true,"href":"http:\/\/spczarna.wolomin.org\/index.php?rest_route=%2Fwp%2Fv2%2Fcomments&post=356"}],"version-history":[{"count":15,"href":"http:\/\/spczarna.wolomin.org\/index.php?rest_route=\/wp\/v2\/pages\/356\/revisions"}],"predecessor-version":[{"id":6374,"href":"http:\/\/spczarna.wolomin.org\/index.php?rest_route=\/wp\/v2\/pages\/356\/revisions\/6374"}],"wp:attachment":[{"href":"http:\/\/spczarna.wolomin.org\/index.php?rest_route=%2Fwp%2Fv2%2Fmedia&parent=356"}],"curies":[{"name":"wp","href":"https:\/\/api.w.org\/{rel}","templated":true}]}}